 d(-2).
-43
Let s(x) = -9*x**2 + 6*x + 5. Give s(-3).
-94
Let s(n) = -2*n - 71. Give s(-33).
-5
Let q(d) = d**3 - 8*d**2 + 7*d + 2. Determine q(7).
2
Let x(m) = -m**2 - 16*m + 13. What is x(-15)?
28
Let d(o) = -10*o**2 - 4. Calculate d(2).
-44
Let d(j) = -j**3 + 33*j**2 + 35*j - 26. Calculate d(34).
8
Let z(c) = -30*c - 3. Give z(-1).
27
Let b(s) = -9*s + 9. Give b(4).
-27
Let w(a) = -10*a - 16. What is w(-6)?
44
Let i(l) = 9*l**2 - l. Give i(-1).
10
Let y(a) = a**3 + 34*a**2 - 34*a + 15. Determine y(-35).
-20
Let c(u) = 2*u**2 + 23*u - 2. Give c(-12).
10
Let q(b) = -58*b - 291. Calculate q(-5).
-1
Let y(o) = -o**2 + 5*o + 7. Give y(6).
1
Let m(g) = -2*g + 4. Calculate m(23).
-42
Let i(g) = -5*g + 5. What is i(3)?
-10
Let x(q) = q**2 + 10*q + 16. Calculate x(-9).
7
Let k(n) = -6*n**2 + 21*n + 2. Calculate k(3).
11
Let b(k) = -k**3 + 3*k**2 - 3*k + 15. Give b(4).
-13
Let q(l) = 5*l - 66. Calculate q(13).
-1
Let r(s) = -2*s + 21. Determine r(16).
-11
Let i(d) = -5*d + 11. Determine i(-11).
66
Let w(b) = -8*b + 111. What is w(15)?
-9
Let g(q) = -192*q + 576. Determine g(3).
0
Let o(f) = -f + 10. Give o(10).
0
Let j(t) = t**3 - 4*t**2 - 8*t + 5. Calculate j(5).
-10
Let t(b) = b**3 + 9*b**2 - 2*b - 12. Give t(-9).
6
Let z(g) = 2*g**3 + 54*g**2 - 2*g - 61. Give z(-27).
-7
Let h(o) = -2*o**2 - o + 7. Determine h(-2).
1
Let n(l) = 6*l**2 - 42*l - 3. Calculate n(7).
-3
Let u(m) = -m**3 - 70*m**2 + 145*m + 74. Give u(-72).
2
Let b(w) = -2*w - 23. Give b(6).
-35
Let z(i) = i**2 - 10*i + 31. Determine z(14).
87
Let n(o) = -o**3 - 23*o**2 - 42*o + 8. Give n(-21).
8
Let y(v) = v**2 - 96*v + 853. Determine y(10).
-7
Let a(h) = 5*h + 45. Give a(-9).
0
Let m(a) = -2*a**3 - 6*a**2 + 7*a + 9. Determine m(-4).
13
Let j(x) = -x**3 - 4*x**2 - x - 2. Determine j(-3).
-8
Let s(q) = q**2 - 12*q - 20. Give s(14).
8
Let s(z) = -9*z - 27. Give s(-4).
9
Let j(b) = -b**2 + 52*b - 276. Calculate j(6).
0
Let m(h) = h + 10. Give m(9).
19
Let q(u) = 10*u + 24. Give q(-3).
-6
Let c(y) = y**3 - 4*y**2 - 5*y + 5. Calculate c(3).
-19
Let d(n) = n**3 + 12*n**2 + 2. Give d(-12).
2
Let d(l) = l**3 - 19*l**2 - 40*l - 10. Determine d(21).
32
Let c(t) = -2*t + 6. Give c(7).
-8
Let q(w) = -w**2 + w - 9. Calculate q(6).
-39
Let q(v) = v**2 + 12*v - 17. Calculate q(-15).
28
Let z(b) = -b**2 - 13*b - 12. Give z(-11).
10
Let g(x) = -2*x**3 + 10*x**2 + 4*x + 7. What is g(6)?
-41
Let j(z) = -z**2 - 10*z - 16. Give j(-5).
9
Let z(i) = -i**3 - 11*i**2 + 10*i - 21. What is z(-12)?
3
Let v(h) = -h - 23. What is v(-11)?
-12
Let x(q) = -3*q + 18. Calculate x(0).
18
Let w(q) = -q**3 + 11*q**2 - 9*q + 6. Give w(10).
16
Let j(y) = y**3 + y**2 - y + 45. Calculate j(0).
45
Let w(j) = j**3 + 4*j**2 - j + 13. Determine w(-5).
-7
Let f(n) = n**2 - 43*n - 140. Give f(46).
-2
Let p(h) = h**3 + 26*h**2 - 26*h + 21. Calculate p(-27).
-6
Let k(d) = -2*d - 10. What is k(0)?
-10
Let u(d) = -4*d**3 - 10*d**2 - 4*d - 1. Give u(-3).
29
Let u(w) = -w**3 - 2*w. What is u(-2)?
12
Let p(c) = -6*c - 68. Give p(0).
-68
Let q(m) = 2*m + 37. Give q(-15).
7
Let k(v) = v**2 - 30*v - 59. What is k(32)?
5
Let p(o) = -6*o - 4. Determine p(-5).
26
Let y(v) = 14*v + 204. Calculate y(-14).
8
Let c(w) = 2*w**2 - w - 8. Give c(-7).
97
Let q(v) = -9*v**3 - 5*v**2 - 3*v + 1. Determine q(-1).
8
Let l(o) = 10*o + 4. Give l(2).
24
Let j(f) = -f + 19. Determine j(-8).
27
Let b(w) = -w + 12. Give b(19).
-7
Let p(r) = r**3 + 6*r**2 - 11*r + 12. Determine p(3).
60
Let v(h) = 11*h - 178. Determine v(17).
9
Let w(a) = a**2 + 21*a - 158. Determine w(-27).
4
Let t(d) = d**2 + d - 41. What is t(0)?
-41
Let p(y) = y**2 + 27*y + 21. Calculate p(-25).
-29
Let v(b) = -b**3 + 7*b**2 - 7*b + 9. Calculate v(6).
3
Let h(f) = 17*f - 2. Calculate h(1).
15
Let f(k) = k**3 - 4*k**2 - 12*k + 24. What is f(3)?
-21
Let y(h) = -2*h**2 - 12*h - 9. Calculate y(-8).
-41
Let u(x) = -x**3 - 6*x**2 - 12*x - 2. Determine u(-6).
70
Let a(i) = -24*i + 100. Give a(4).
4
Let a(j) = 35*j**2 - 2. Determine a(1).
33
Let t(j) = -j**3 + 4*j**2 + 3*j + 7. What is t(6)?
-47
Let o(m) = -m**2 + 6*m + 57. Calculate o(11).
2
Let j(m) = m**2 + 15*m. Determine j(-15).
0
Let b(t) = t**3 - 8*t**2 - 8*t + 16. Calculate b(9).
25
Let z(h) = -h - 21. Give z(-16).
-5
Let s(b) = -15*b**2. Calculate s(1).
-15
Let s(h) = h**3 + 3*h**2 - h - 1. Calculate s(2).
17
Let x(m) = -4*m - 7. Determine x(-6).
17
Let p(d) = 5*d**2 + 1. What is p(1)?
6
Let p(z) = z**3 + 22*z**2 - 24*z + 20. Calculate p(-23).
43
Let h(o) = -o**2 + 12*o - 11. Give h(8).
21
Let l(g) = -22*g - 492. Give l(-23).
14
Let d(u) = u**2 - 9*u + 18. What is d(6)?
0
Let f(w) = -2*w**3 + 7*w**2 + 6*w - 4. What is f(4)?
4
Let y(p) = p**2 - 10*p - 2. Determine y(8).
-18
Let f(k) = -6*k - 3. Determine f(-3).
15
Let n(f) = 2*f**3 - 3*f**2 + 3*f - 1. Calculate n(2).
9
Let d(y) = y**3 - 7*y**2 - 4*y + 77. Give d(5).
7
Let o(x) = -2*x**2 - 5*x - 28. What is o(-5)?
-53
Let k(s) = -5*s - 10. Determine k(-10).
40
Let i(p) = 2*p**2 - 7*p - 1. Give i(6).
29
Let o(a) = a**2 - 2*a. Determine o(1).
-1
Let i(t) = -2*t**3 + 4*t**2 - 1. Give i(3).
-19
Let g(h) = 11*h + 5. Calculate g(-6).
-61
Let d(c) = -4*c + 77. What is d(17)?
9
Let k(l) = l**3 + 7*l**2 - 3*l - 10. Determine k(-6).
44
Let k(x) = 4*x - 115. Determine k(23).
-23
Let a(s) = 8*s - 6. Determine a(5).
34
Let h(q) = -q + 9. Determine h(8).
1
Let w(h) = -2*h - 10. Give w(13).
-36
Let c(r) = -r**3 + 7*r**2 - 12*r + 11. Calculate c(5).
1
Let s(x) = 5*x**3 - 3*x**2. What is s(2)?
28
Let r(x) = -x**3 - 13*x**2 + x + 14. What is r(-13)?
1
Let g(h) = -2*h + 8. Give g(0).
8
Let h(s) = -4*s**3 - 4*s**2 - 3*s - 2. Calculate h(-2).
20
Let o(u) = u**3 + 13*u**2 + 10*u - 10. What is o(-12)?
14
Let r(d) = -2*d**2 - 108. What is r(0)?
-108
Let f(s) = -s**3 - 4*s**2 + 6*s - 32. Give f(-6).
4
Let o(z) = -2*z**2 + 23*z + 12. Determine o(12).
0
Let l(d) = d**3 + 3*d**2 + 5*d + 43. What is l(-4)?
7
Let f(v) = v**3 - 26*v**2 + 26*v - 28. What is f(25)?
-3
Let s(u) = -u**3 - 2*u**2 - 114. What is s(0)?
-114
Let h(y) = -4*y + 3. What is h(4)?
-13
Let y(w) = 22*w**3 + 67*w**2 + 3*w + 2. Calculate y(-3).
2
Let i(w) = -2*w**2 + 27*w - 11. Give i(13).
2
Let x(f) = 39*f + 100. Give x(-3).
-17
Let p(w) = -40*w**2 + 4*w - 1. Determine p(-1).
-45
Let c(s) = 78*s - 546. Calculate c(7).
0
Let r(u) = 7*u + 9. Give r(-8).
-47
Let t(i) = -5*i**2 + 12*i - 30. Calculate t(4).
-62
Let l(m) = -3*m**2 + 12*m - 4. Give l(5).
-19
Let k(n) = -n**2 - 8*n + 24. Calculate k(-10).
4
Let s(c) = 2*c**3 + 27*c**2 + 11*c + 29. Determine s(-13).
55
Let r(h) = 2*h - 31. Calculate r(14).
-3
Let j(p) = -2*p**2 + 3*p - 2. Determine j(-3).
-29
Let p(n) = -n**3 - 12*n**2 - 14*n - 25. Give p(-11).
8
Let d(m) = 2*m**3 - 7*m**2 + 5*m - 4. What is d(4)?
32
Let d(m) = m**3 + 6*m**2 + 4*m + 4. Give d(-4).
20
Let x(a) = -2*a**3 + 44*a**2 - a + 16. Calculate x(22).
-6
Let t(l) = 61*l**3 - l**2 + 2*l - 2. Give t(1).
60
Let a(v) = v**3 - 5*v**2 - 3*v + 5. Give a(5).
-10
Let u(f) = -3*f - 8. What is u(-4)?
4
Let c(k) = 14*k + 1. Give c(1).
15
Let i(f) = 14*f + 52. Determine i(-3).
10
Let r(f) = 39*f**3 + 2*f**2 - 1. What is r(1)?
40
Let j(p) = 4*p + 40. Give j(-12).
-8
Let v(b) = -2*b**2 + 3*b + 2. Calculate v(3).
-7
Let p(v) = -v**2 - 5*v + 174. Determine p(11).
-2
Let x(j) = j**2 + 3*j - 5. Determine x(-3).
-5
Let d(y) = y**3 + 10*y**2 + 5*y - 31. Give d(-9).
5
Let x(c) = c**3 + 3*c**2 + 5*c + 13. Determine x(-3).
-2
Let v(m) = -5*m**2 - 5*m. Determine v(-2).
-10
Let y(k) = -2*k**2 + 13*k - 23. What is y(4)?
-3
Let d(q) = q**2 + 3*q + 2. Give d(-4).
6
Let k(r) = r**2 - 18*r + 10. Determine k(14).
-46
Let f(x) = x**3 - 11*x**2 + 9*x + 1. Give f(10).
-9
Let a(d) = d**2 + 11*d - 37. Calculate a(-14).
5
Let i(t) = -36*t + 1. What is i(1)?
-35
Let l(t) = 5*t - 32. Give l(8).
8
Let o(q) = q**2 - 44. What is o(0)?
-44
Let q(b) = b**3 - 7*b**2 + b + 5. Give q(7).
12
Let q(o) = -5*o - 4. What is q(-6)?
26
Let v(m) = m**3 + 5*m**2 - 2*m + 6. Calculate v(-5).
16
Let d(g) = 3*g**2 - 68*g + 95. Calculate d(21).
-10
Let i(h) = -h**2 + 9*h + 19. What is i(12)?
-17
Let k(s) = 2*s**2 - 14*s + 9. Determine k(6).
-3
Let a(o) = -o**3 + 4*o**2 + 3*o - 5. Give a(5).
-15
Let h(t) = t**3 + t**2 - 11*t - 19. Determine h(-2).
-1
Let u(n) = 4*n. Determine u(3).
12
Let h(w) = 7*w + 4.